et n(a) = a**2 - 8*a. Let c be 4/((-26)/7 + 4). Let f be n(c). What is the highest common divisor of f and 56?
28
Suppose -4*o + 6 = -42. What is the highest common divisor of o and 90?
6
Let f be -1 + 10 + -15 + 97. What is the highest common divisor of 26 and f?
13
Let z(m) = -m**3 - 23*m**2 + 47*m - 37. Let u be z(-25). Calculate the greatest common divisor of 855 and u.
19
Let b be 9 - -2*(-20)/8. Calculate the greatest common divisor of 2 and b.
2
Let i be (-2)/(-6) - (-448)/6. Let g = -90 + 63. Let f = g - -57. Calculate the highest common divisor of i and f.
15
Suppose 4*n + 9 = -2*k + 107, 7*n - 95 = -2*k. Let u = 638 - 281. What is the highest common divisor of u and k?
51
Let b = -199 + 211. Calculate the greatest common divisor of b and 180.
12
Let b be (17/(-1))/((-30)/150). What is the greatest common divisor of b and 34?
17
Let s(o) = -o - 10. Let v be s(-43). What is the greatest common divisor of 22 and v?
11
Let n = -10 - -17. Let b be (-1 + n)*(-24)/(-9). Let d be (8 - (14 + -10)) + 20. What is the highest common divisor of b and d?
8
Suppose -741 = -5*l + 219. Calculate the greatest common factor of l and 144.
48
Suppose 4*h = -8 + 272. Let v be (-45)/(99/11)*1*-22. What is the highest common factor of v and h?
22
Suppose 3*k = 2*g - 4*g + 192, -5*g + 454 = k. What is the greatest common factor of g and 30?
30
Let o be (1 + 29)/(-17 + 19). Suppose -8 = -3*i + 22. Let a be (-1105)/(-25) - (-8)/i. Calculate the greatest common divisor of o and a.
15
Let r = -90 + 85. Let w be ((-26)/r)/((-15)/(-375)). Calculate the greatest common divisor of 52 and w.
26
Let y(h) = -2*h**2 - 72*h + 73. Let b be y(-27). What is the highest common divisor of b and 172?
43
Let m be (2/1 + 3)*28/5. Calculate the highest common factor of 126 and m.
14
Let h = -123 + 251. What is the highest common factor of 48 and h?
16
Let p be (-111)/(-4)*12*8/18. Let h = -12 + p. What is the highest common divisor of 34 and h?
34
Let h(g) = g**3 + 13*g**2 + 20*g + 68. Let s be h(-8). What is the highest common factor of s and 152?
76
Let a = 177 - 123. What is the highest common divisor of a and 1215?
27
Suppose -5*p + 1269 - 379 = -5*c, 0 = -5*p - c + 878. Let q = -68 + p. What is the highest common divisor of 12 and q?
12
Let n(l) = -36*l + 301. Let o be n(-9). What is the greatest common factor of 125 and o?
125
Let r(k) = -k**2 - 5*k + 11. Let v be r(-6). Let w be (-6)/(-3)*98/4. Let d = w + -9. What is the highest common factor of v and d?
5
Let b(l) = l + 5. Let s = -29 + 37. Let w be b(s). Calculate the greatest common factor of w and 13.
13
Suppose 5*g - 10 = -0. Suppose 4*z + 0 = -2*y + 6, 0 = 2*y + 2*z + 4. Let d be 0 + 14/49 + (-19)/y. What is the greatest common divisor of d and g?
1
Let m = 62 - 54. Let i(x) = x**2 - 8*x + 16. Let d be i(m). Calculate the highest common factor of d and 176.
16
Let q = 367 + -85. Suppose -7*o = -166 - q. What is the greatest common divisor of o and 16?
16
Suppose -2*c + 1238 = -4*j, -10 = -4*j + 6. Calculate the greatest common divisor of 114 and c.
57
Let j(h) = 2*h**2 + 10*h - 5. Let f be j(-7). Calculate the highest common factor of 46 and f.
23
Suppose 4*u = 275 - 115. What is the highest common factor of 20 and u?
20
Let p be (-54)/4*((1 - -3) + 12). Let k be 1 + p/(-28) + 4/14. Calculate the greatest common divisor of 81 and k.
9
Let f(y) = -12*y + 380. Let j be f(31). What is the highest common factor of j and 540?
4
Let t(g) = 4*g - 24. Let d be t(6). Let r = 0 + 3. Suppose r*w + d*w = -5*n + 98, n = -w + 34. What is the greatest common divisor of w and 9?
9
Let i(v) = 2*v**3 - 3*v**2 + v - 9. Let g(s) = -s**2 - 11*s - 15. Let q be g(-9). Let j be i(q). What is the highest common factor of j and 105?
21
Let g(z) = z**3 + 12*z**2 + 7*z + 28. Let o be g(-11). Let y = o + -17. Calculate the highest common factor of 5 and y.
5
Suppose 28*z = -s + 29*z + 1569, -4*z + 3156 = 2*s. Calculate the greatest common divisor of 24 and s.
12
Let p = 102 + -34. Let u = 4 + -11. Let b(m) = -2*m + 3. Let f be b(u). What is the greatest common divisor of f and p?
17
Let p = -1861 + 1876. What is the greatest common divisor of 135 and p?
15
Let s = 34 - 30. Suppose 3 = s*j - 5. Suppose -k = 5*q - 29, 5*k = 4*q - 7*q + 13. What is the greatest common factor of q and j?
2
Let x = 36 - 41. Let r be ((-3)/3)/(1/x). What is the highest common divisor of r and 1?
1
Let u be 1*(2 - (-10)/(-15))*33. Calculate the highest common factor of 11 and u.
11
Suppose 21 = 233*s - 226*s. Suppose 0 = -2*r - 0*r + 4. Calculate the greatest common factor of r and s.
1
Suppose 5*x = 3*t - 95, -22 = -4*x - 38. Let q(r) = -r**3 + 5*r**2 + 6*r + 5. Let b be q(6). Calculate the highest common divisor of t and b.
5
Let p(m) = -89*m + 36. Let h be p(-5). What is the greatest common divisor of h and 37?
37
Let s(f) = -f**2 + 6*f - 3. Let b be s(4). Let y = 6209 + -6129. What is the highest common divisor of y and b?
5
Let d(g) = g**2 + 5*g - 47. Let u be d(9). Calculate the highest common factor of 158 and u.
79
Suppose 0 = -2*p - 14 - 8. Let q = p - -14. Let w = 37 + -22. Calculate the greatest common divisor of w and q.
3
Let w = -112 - -142. Calculate the greatest common divisor of w and 20.
10
Suppose c + 41 = -4*b, 8*c + 5 = 3*c. Let o be 325/b*(-18)/5. What is the highest common factor of o and 13?
13
Let p(u) = 11*u - 321. Let r be p(39). What is the highest common factor of 48 and r?
12
Suppose u = -5*i + 125, 3*u = -2*i + 4*i - 67. Calculate the highest common divisor of i and 39.
13
Suppose -2*z + 236 = 228. Calculate the greatest common divisor of z and 772.
4
Suppose -132 + 96 = -4*n. Suppose -h - n = -11*q + 6*q, -2*h = -5*q + 8. Let g = 0 - -6. What is the greatest common divisor of g and q?
2
Let h(k) = k**3 - 7*k**2 + 4*k + 16. Let q be h(6). Suppose -215 = -2*b - 3*b. Suppose -q*t + b = -9. What is the greatest common divisor of 39 and t?
13
Let k(f) = 4*f - 16. Let v be k(6). Calculate the greatest common factor of v and 4.
4
Let x(j) = -j**3 + 11*j**2 + 10*j + 37. Let n be x(12). What is the highest common divisor of 351 and n?
13
Suppose 0*r - 2*r - 4*b = -22, 2*r + b = 13. Let u(p) = 12*p - 17. Let i be u(6). Calculate the greatest common divisor of i and r.
5
Let m(w) = -2*w - 3*w + 2*w**2 - w - 6. Let c be m(5). Suppose 20*z - 308 = 9*z. Calculate the greatest common factor of z and c.
14
Suppose 2*o - 55 = -3*o. Suppose o*n - 3 = 1229. Calculate the highest common divisor of 14 and n.
14
Let g = -66 + 67. Let d be g/(4 + 7/(-2)). Calculate the greatest common factor of 5 and d.
1
Suppose -n = 10*n - 4488. Calculate the highest common divisor of n and 48.
24
Let f(t) = t**3 - 10*t**2 - 10*t - 27. Let i be f(11). Let j = i + 17. Calculate the greatest common divisor of 8 and j.
1
Let a be (22/(-4))/((-2)/20). Suppose 4*m = -p + 7, -m = -4*p - 1 - 5. Suppose -27 = -m*h - 5. What is the highest common factor of a and h?
11
Suppose 6 = 8*m - 42. Let i = 12 + m. What is the highest common divisor of i and 144?
18
Let k(f) = 118*f - 19. Let w be k(8). Suppose -w + 225 = -5*j. Calculate the highest common factor of 28 and j.
28
Let x(a) = a + 0*a - 1 - a**2 + 2*a - 1. Let o be x(3). Let h be (-81)/((-1)/((-2)/o)). Calculate the greatest common factor of 9 and h.
9
Let x be -7 - 3311/(-28) - (-3)/4. What is the greatest common divisor of 48 and x?
16
Let d = -520 - -898. Suppose -p + 82 = 3*c, 0*c = 5*p - c - d. What is the highest common divisor of 38 and p?
38
Let m(o) = -o**2 + 16*o - 15. Suppose -4*w + 68 = -2*l, l + 3 = -1. Let g be m(w). Suppose -n + 68 + 100 = g. What is the highest common factor of 24 and n?
24
Let l = 103 + -91. Calculate the greatest common factor of l and 52.
4
Let b = -8 - -16. Let h = -665 + 677. What is the greatest common divisor of h and b?
4
Let k be (-4)/(-1) + (-98 - 2)/(-1). Calculate the greatest common divisor of k and 8.
8
Let z(s) = 39*s + 39. Let m be z(14). Suppose 0*v - m = -13*v. What is the highest common divisor of v and 60?
15
Let d = -515 + 521. Let n be 4 + 3/(3/(-2)). Suppose n*v = 4*v - 8. What is the highest common divisor of v and d?
2
Let s be 2/(-4) + 23/2. Suppose 0 = g + 3 + s. Let c(z) = -z**3 - 15*z**2 - 15*z + 19. Let a be c(g). What is the highest common factor of 3 and a?
3
S